{"id":207,"date":"2025-02-12T08:51:54","date_gmt":"2025-02-12T04:51:54","guid":{"rendered":"https:\/\/sardasup.com\/?page_id=207"},"modified":"2025-02-12T09:46:35","modified_gmt":"2025-02-12T05:46:35","slug":"sorties-pedagogiques","status":"publish","type":"page","link":"https:\/\/sardasup.com\/index.php\/sorties-pedagogiques\/","title":{"rendered":"Sorties p\u00e9dagogiques"},"content":{"rendered":"\n<div class=\"wp-block-query is-layout-flow wp-block-query-is-layout-flow\"><ul class=\"wp-block-post-template is-layout-flow wp-block-post-template-is-layout-flow\"><li class=\"wp-block-post post-306 post type-post status-publish format-standard has-post-thumbnail hentry category-evenement\">\n\n<div class=\"wp-block-columns alignwide is-layout-flex wp-container-core-columns-is-layout-9d6595d7 wp-block-columns-is-layout-flex\">\n<div class=\"wp-block-column is-layout-flow wp-block-column-is-layout-flow\" style=\"flex-basis:66.66%\"><figure class=\"wp-block-post-featured-image\"><a href=\"https:\/\/sardasup.com\/index.php\/2026\/02\/20\/jpo-le-bts-ndrc-du-lycee-sarda-garriga-en-action\/\" target=\"_self\"  ><img loading=\"lazy\" decoding=\"async\" width=\"340\" height=\"240\" src=\"https:\/\/sardasup.com\/wp-content\/uploads\/2026\/02\/PHOTO-2026-02-17-17-19-26-340x240.jpg\" class=\"attachment-post-thumbnail size-post-thumbnail wp-post-image\" alt=\"JPO : Le BTS NDRC du Lyc\u00e9e Sarda Garriga en action\" style=\"object-fit:cover;\" \/><\/a><\/figure><\/div>\n\n\n\n<div class=\"wp-block-column is-layout-flow wp-block-column-is-layout-flow\" style=\"flex-basis:33.33%\"><h2 class=\"wp-block-post-title\"><a href=\"https:\/\/sardasup.com\/index.php\/2026\/02\/20\/jpo-le-bts-ndrc-du-lycee-sarda-garriga-en-action\/\" target=\"_self\" >JPO : Le BTS NDRC du Lyc\u00e9e Sarda Garriga en action<\/a><\/h2>\n\n<div class=\"wp-block-post-excerpt\"><p class=\"wp-block-post-excerpt__excerpt\">Mardi 17 f\u00e9vrier 2026, pr\u00e8s de 600 \u00e9l\u00e8ves ont particip\u00e9 \u00e0 la JPO d\u00e9di\u00e9e \u00e0 l&rsquo;orientation des \u00e9tudes sup\u00e9rieures. <\/p><\/div><\/div>\n<\/div>\n\n<\/li><li class=\"wp-block-post post-326 post type-post status-publish format-standard has-post-thumbnail hentry category-vie-etudiante tag-cpes\">\n\n<div class=\"wp-block-columns alignwide is-layout-flex wp-container-core-columns-is-layout-9d6595d7 wp-block-columns-is-layout-flex\">\n<div class=\"wp-block-column is-layout-flow wp-block-column-is-layout-flow\" style=\"flex-basis:66.66%\"><figure class=\"wp-block-post-featured-image\"><a href=\"https:\/\/sardasup.com\/index.php\/2026\/03\/11\/mobilite-a-lile-maurice-les-etudiants-de-la-cpes-au-coeur-dun-projet-formateur\/\" target=\"_self\"  ><img loading=\"lazy\" decoding=\"async\" width=\"340\" height=\"240\" src=\"https:\/\/sardasup.com\/wp-content\/uploads\/2026\/03\/AVION-340x240.jpeg\" class=\"attachment-post-thumbnail size-post-thumbnail wp-post-image\" alt=\"Mobilit\u00e9 \u00e0 l\u2019\u00eele Maurice : les \u00e9tudiants de la CPES au c\u0153ur d\u2019un projet formateur.\" style=\"object-fit:cover;\" \/><\/a><\/figure><\/div>\n\n\n\n<div class=\"wp-block-column is-layout-flow wp-block-column-is-layout-flow\" style=\"flex-basis:33.33%\"><h2 class=\"wp-block-post-title\"><a href=\"https:\/\/sardasup.com\/index.php\/2026\/03\/11\/mobilite-a-lile-maurice-les-etudiants-de-la-cpes-au-coeur-dun-projet-formateur\/\" target=\"_self\" >Mobilit\u00e9 \u00e0 l\u2019\u00eele Maurice : les \u00e9tudiants de la CPES au c\u0153ur d\u2019un projet formateur.<\/a><\/h2>\n\n<div class=\"wp-block-post-excerpt\"><p class=\"wp-block-post-excerpt__excerpt\">Dans le cadre de leur parcours en CPES \u00c9conomie-Gestion, dix \u00e9tudiants ont eu l\u2019opportunit\u00e9 de participer \u00e0 une mobilit\u00e9 p\u00e9dagogique et linguistique \u00e0 l\u2019\u00eele Maurice, organis\u00e9e du 17 au 25 f\u00e9vrier 2026, avec un h\u00e9bergement \u00e0 Curepipe. Ce d\u00e9placement s\u2019inscrit pleinement dans une d\u00e9marche d\u2019ouverture, d\u2019autonomie et de d\u00e9couverte, au croisement des apprentissages scolaires et&hellip; <\/p><\/div><\/div>\n<\/div>\n\n<\/li><li class=\"wp-block-post post-154 post type-post status-publish format-standard has-post-thumbnail hentry category-vie-etudiante\">\n\n<div class=\"wp-block-columns alignwide is-layout-flex wp-container-core-columns-is-layout-9d6595d7 wp-block-columns-is-layout-flex\">\n<div class=\"wp-block-column is-layout-flow wp-block-column-is-layout-flow\" style=\"flex-basis:66.66%\"><figure class=\"wp-block-post-featured-image\"><a href=\"https:\/\/sardasup.com\/index.php\/2024\/12\/20\/sortie-pedagogique-au-golf-club-de-beausejour\/\" target=\"_self\"  ><img loading=\"lazy\" decoding=\"async\" width=\"320\" height=\"240\" src=\"https:\/\/sardasup.com\/wp-content\/uploads\/2024\/12\/IMG_3898.png\" class=\"attachment-post-thumbnail size-post-thumbnail wp-post-image\" alt=\"Sortie p\u00e9dagogique au Golf Club de Beaus\u00e9jour\" style=\"object-fit:cover;\" srcset=\"https:\/\/sardasup.com\/wp-content\/uploads\/2024\/12\/IMG_3898.png 1080w, https:\/\/sardasup.com\/wp-content\/uploads\/2024\/12\/IMG_3898-300x225.png 300w, https:\/\/sardasup.com\/wp-content\/uploads\/2024\/12\/IMG_3898-1024x768.png 1024w, https:\/\/sardasup.com\/wp-content\/uploads\/2024\/12\/IMG_3898-768x576.png 768w\" sizes=\"auto, (max-width: 320px) 100vw, 320px\" \/><\/a><\/figure><\/div>\n\n\n\n<div class=\"wp-block-column is-layout-flow wp-block-column-is-layout-flow\" style=\"flex-basis:33.33%\"><h2 class=\"wp-block-post-title\"><a href=\"https:\/\/sardasup.com\/index.php\/2024\/12\/20\/sortie-pedagogique-au-golf-club-de-beausejour\/\" target=\"_self\" >Sortie p\u00e9dagogique au Golf Club de Beaus\u00e9jour<\/a><\/h2>\n\n<div class=\"wp-block-post-excerpt\"><p class=\"wp-block-post-excerpt__excerpt\">Le mardi&nbsp;17&nbsp;d\u00e9cembre 2024, les \u00e9tudiants de premi\u00e8re ann\u00e9e de BTS NDRC du lyc\u00e9e Sarda Garriga ont eu l\u2019opportunit\u00e9 de participer \u00e0 une sortie p\u00e9dagogique au Golf Club de Beaus\u00e9jour. Cette journ\u00e9e enrichissante avait plusieurs objectifs p\u00e9dagogiques&nbsp;: &nbsp;&nbsp;&nbsp;&nbsp;&nbsp;&nbsp;&nbsp;&nbsp;&nbsp;&nbsp;&nbsp;&nbsp;&nbsp;&nbsp;&nbsp;&nbsp;&nbsp;&nbsp;\u2022&nbsp;&nbsp;&nbsp;&nbsp;&nbsp;&nbsp;&nbsp;&nbsp;&nbsp;&nbsp;&nbsp;&nbsp;&nbsp;&nbsp;&nbsp;Renforcer la coh\u00e9sion de groupe&nbsp;: dans un cadre convivial et informel, les \u00e9tudiants ont pu mieux se conna\u00eetre et&hellip; <\/p><\/div><\/div>\n<\/div>\n\n<\/li><\/ul><\/div>\n","protected":false},"excerpt":{"rendered":"","protected":false},"author":4,"featured_media":0,"parent":0,"menu_order":0,"comment_status":"closed","ping_status":"closed","template":"","meta":{"_themeisle_gutenberg_block_has_review":false,"footnotes":""},"class_list":["post-207","page","type-page","status-publish","hentry"],"_links":{"self":[{"href":"https:\/\/sardasup.com\/index.php\/wp-json\/wp\/v2\/pages\/207","targetHints":{"allow":["GET"]}}],"collection":[{"href":"https:\/\/sardasup.com\/index.php\/wp-json\/wp\/v2\/pages"}],"about":[{"href":"https:\/\/sardasup.com\/index.php\/wp-json\/wp\/v2\/types\/page"}],"author":[{"embeddable":true,"href":"https:\/\/sardasup.com\/index.php\/wp-json\/wp\/v2\/users\/4"}],"replies":[{"embeddable":true,"href":"https:\/\/sardasup.com\/index.php\/wp-json\/wp\/v2\/comments?post=207"}],"version-history":[{"count":3,"href":"https:\/\/sardasup.com\/index.php\/wp-json\/wp\/v2\/pages\/207\/revisions"}],"predecessor-version":[{"id":237,"href":"https:\/\/sardasup.com\/index.php\/wp-json\/wp\/v2\/pages\/207\/revisions\/237"}],"wp:attachment":[{"href":"https:\/\/sardasup.com\/index.php\/wp-json\/wp\/v2\/media?parent=207"}],"curies":[{"name":"wp","href":"https:\/\/api.w.org\/{rel}","templated":true}]}}