{"id":192,"date":"2025-02-12T08:45:38","date_gmt":"2025-02-12T04:45:38","guid":{"rendered":"https:\/\/sardasup.com\/?page_id=192"},"modified":"2026-03-11T12:34:47","modified_gmt":"2026-03-11T08:34:47","slug":"cpes","status":"publish","type":"page","link":"https:\/\/sardasup.com\/index.php\/a-propos\/cpes\/","title":{"rendered":"CPES"},"content":{"rendered":"\n<p>La&nbsp;<strong>CPES<\/strong>, ou<strong>&nbsp;Classe Pr\u00e9paratoire aux \u00c9tudes Sup\u00e9rieures<\/strong>, est un programme qui aide les \u00e9tudiants \u00e0 se pr\u00e9parer au \u00e9tudes sup\u00e9rieures. Dans ce programme, les \u00e9l\u00e8ves apprennent beaucoup de choses et travaillent dur pour r\u00e9ussir.<\/p>\n\n\n\n<p>Les professeurs expliquent les le\u00e7ons de fa\u00e7on claire et aident chacun \u00e0 bien comprendre les mati\u00e8res. Les cours m\u00e9langent&nbsp;<strong>th\u00e9orie<\/strong>&nbsp;et&nbsp;<strong>pratique<\/strong>&nbsp;: il y a des cours, des exercices en groupe et des projets \u00e0 r\u00e9aliser ensemble. Cette m\u00e9thode permet aux \u00e9tudiants d\u2019apprendre de nouvelles id\u00e9es et de s\u2019exercer en m\u00eame temps.<\/p>\n\n\n\n<p>L\u2019ambiance dans la CPES est studieuse mais aussi amicale. Les \u00e9l\u00e8ves&nbsp;<strong>travaillent ensemble<\/strong>, \u00e9changent leurs id\u00e9es et s\u2019entraident. Chaque \u00e9tudiant re\u00e7oit&nbsp;<strong>un suivi personnalis\u00e9<\/strong>&nbsp;pour progresser \u00e0 son rythme.<\/p>\n\n\n\n<p>En plus des cours, il y a des&nbsp;<strong>activit\u00e9s sportives&nbsp;<\/strong>et&nbsp;<strong>culturelles<\/strong>. Ces activit\u00e9s aident \u00e0 d\u00e9velopper des comp\u00e9tences comme le travail en \u00e9quipe, la communication et la confiance en soi.<\/p>\n\n\n\n<p>En r\u00e9sum\u00e9, la CPES est un endroit o\u00f9 les \u00e9tudiants se pr\u00e9parent pour r\u00e9ussir dans leurs \u00e9tudes sup\u00e9rieures. C\u2019est un bon tremplin pour l\u2019avenir, qui combine l\u2019apprentissage s\u00e9rieux et un environnement chaleureux et collaboratif.<\/p>\n","protected":false},"excerpt":{"rendered":"<p>La&nbsp;CPES, ou&nbsp;Classe Pr\u00e9paratoire aux \u00c9tudes Sup\u00e9rieures, est un programme qui aide les \u00e9tudiants \u00e0 se pr\u00e9parer au \u00e9tudes sup\u00e9rieures. Dans ce programme, les \u00e9l\u00e8ves apprennent beaucoup de choses et travaillent dur pour r\u00e9ussir. Les professeurs expliquent les le\u00e7ons de fa\u00e7on claire et aident chacun \u00e0 bien comprendre les mati\u00e8res. Les cours m\u00e9langent&nbsp;th\u00e9orie&nbsp;et&nbsp;pratique&nbsp;: il y a&hellip;<\/p>\n","protected":false},"author":4,"featured_media":0,"parent":189,"menu_order":0,"comment_status":"closed","ping_status":"closed","template":"","meta":{"_themeisle_gutenberg_block_has_review":false,"footnotes":""},"class_list":["post-192","page","type-page","status-publish","hentry"],"_links":{"self":[{"href":"https:\/\/sardasup.com\/index.php\/wp-json\/wp\/v2\/pages\/192","targetHints":{"allow":["GET"]}}],"collection":[{"href":"https:\/\/sardasup.com\/index.php\/wp-json\/wp\/v2\/pages"}],"about":[{"href":"https:\/\/sardasup.com\/index.php\/wp-json\/wp\/v2\/types\/page"}],"author":[{"embeddable":true,"href":"https:\/\/sardasup.com\/index.php\/wp-json\/wp\/v2\/users\/4"}],"replies":[{"embeddable":true,"href":"https:\/\/sardasup.com\/index.php\/wp-json\/wp\/v2\/comments?post=192"}],"version-history":[{"count":3,"href":"https:\/\/sardasup.com\/index.php\/wp-json\/wp\/v2\/pages\/192\/revisions"}],"predecessor-version":[{"id":343,"href":"https:\/\/sardasup.com\/index.php\/wp-json\/wp\/v2\/pages\/192\/revisions\/343"}],"up":[{"embeddable":true,"href":"https:\/\/sardasup.com\/index.php\/wp-json\/wp\/v2\/pages\/189"}],"wp:attachment":[{"href":"https:\/\/sardasup.com\/index.php\/wp-json\/wp\/v2\/media?parent=192"}],"curies":[{"name":"wp","href":"https:\/\/api.w.org\/{rel}","templated":true}]}}